*3/6 + 46*c. Give q(p).
0
Let k(c) be the first derivative of 1/2*c**3 - 1/2*c**2 + 1/12*c**4 + 2 - c. Let f(v) be the first derivative of k(v). Determine f(-4).
3
Let x(r) = -2*r - 2. Let i be x(0). Let m(j) = -2*j - 1. What is m(i)?
3
Let p(b) be the second derivative of b**5/20 - 5*b**4/12 - b**3 + 3*b**2/2 + b. Let d = -12 + 18. What is p(d)?
3
Suppose k - 1 = 3. Let x be k/14 + 6/(-21). Let r(v) be the first derivative of v**3/3 - v**2/2 - v - 1. Determine r(x).
-1
Let u(k) = -k**2 - 1. Suppose 0*o = -3*o - 6. Let t = 4 + o. Give u(t).
-5
Let a(k) = -4*k**2 + 3 - 2*k**3 - 2*k**3 - 3*k**2 + 3*k**3 - 5*k. Let f be 4/14 + (-88)/14. Give a(f).
-3
Let j = 11 - 11. Let p(q) = q**3 + q**2 - q. Let g(l) = -1 - l**3 - 3*l**3 + 3*l - 3*l**2 + 0*l**2. Let s(h) = g(h) + 3*p(h). What is s(j)?
-1
Let k(y) be the first derivative of -2*y**2 + 6*y + 7. Calculate k(4).
-10
Suppose 0*q - 3*k = 3*q, 4*q = -2*k - 4. Let y(x) = -3*x + 3. Let c be y(2). Let m = c + q. Let r(s) = -s**3 - 4*s**2 + 7*s + 5. Calculate r(m).
-5
Let a(j) = -j - 1 + 6 - 2 - 2. Suppose 0*c - 2*c = 3*h - 6, -3*c + 2*h + 9 = 0. Let g = 8 - c. What is a(g)?
-4
Let n(x) = x**2 + x. Let t be 1/(-3)*0/6. What is n(t)?
0
Let k(o) = 7*o - 13. Let c(s) = -3*s + 14 - 6*s - s. Let m(l) = -11*l + 14. Let w(d) = 3*c(d) - 2*m(d). Let f(q) = 7*k(q) + 6*w(q). Determine f(6).
-1
Let h(m) = 3*m + 4. Let a(p) = p**3 - 3*p**2 - 2*p - 1. Let c be a(3). Let b = 5 + c. Let g(j) = 12*j + 17. Let l(d) = b*g(d) + 9*h(d). What is l(-2)?
-4
Let h(x) = 2*x**3 + 9*x**2 + 9*x + 2. Let q(m) = m**3 + 8*m**2 + 8*m + 3. Let o(s) = -2*h(s) + 3*q(s). Let k = -8 + 15. Determine o(k).
-2
Let h = -4 + 4. Suppose h = -5*a + 3*a - 10. Let g(j) = -2*j - 4. Give g(a).
6
Let k(j) = j**3 + 4*j**2 - j + 2. Let p(q) = -2*q - 2 - 3 + 4 + 9. Let n be p(6). What is k(n)?
6
Let p(w) be the third derivative of w**6/180 - w**5/30 - 5*w**4/24 - 2*w**3/3 + 8*w**2. Let y(f) be the first derivative of p(f). What is y(4)?
11
Let x(u) be the second derivative of -u**3/3 - 3*u**2/2 + 2*u. What is x(-2)?
1
Let t be (-2 - 2/(8/(-3)))*-4. Let w(c) = -c + 10. What is w(t)?
5
Let t(s) = -5 + 0 + s + 0. Suppose 0 = 3*u + 13 - 4. Let c be (-18)/u - 4/2. Determine t(c).
-1
Let o(z) = -2*z**2 + 10*z + 4. Let c be o(5). Let w(k) be the second derivative of 7/2*k**2 - c*k + 0 - 1/6*k**3. What is w(0)?
7
Let x(p) be the first derivative of -p**3/3 - 2*p**2 - 5*p - 53. Determine x(-5).
-10
Let x(a) = a**2 + a + 1. Let y(c) = -c**2 - 3*c - 3. Let h(f) = 2*x(f) + y(f). Calculate h(3).
5
Suppose -2*t = 1 + 5. Let i(a) = a**2 - a - 4. Determine i(t).
8
Let o(m) = -m**3 + m + 7. Suppose 12 = -3*i, 5*i + 4 = c + 4*i. What is o(c)?
7
Let x(k) = -3*k. Let c = 27 + -24. Let m(f) = -3*f + 7. Let h be m(c). Determine x(h).
6
Let o(c) = -c + 5. Let n(i) = -i**3 - 2*i**2 + 1. Suppose -4*p - 6 = -p. Let j be n(p). Let s be j + (-2*1)/2. What is o(s)?
5
Let y(c) = 82 + 0*c + 4*c**2 - 77 + 2*c - c**3. Suppose 4*n = -t + 17, -3*n + 4*t = -44 + 17. Calculate y(n).
-10
Let i(p) = -p**3 - p**2 - p + 1. Suppose y - 6 = -y. Suppose -4*f - y*q = -2*q - 64, 2*f + 5*q = 50. Suppose 2*g - f = -g, -3*g = -4*x - 11. Determine i(x).
-2
Let l(j) be the second derivative of -j**5/4 + j**4/12 + 7*j**2/2 - 7*j. Let g(a) = 6*a**3 - 7. Let y(m) = 4*g(m) + 5*l(m). Determine y(5).
7
Let l(f) = -f**2 - f + 4. Let c be 0/(2/(-4)*2). Let v = 4 - 4. Suppose c*p + p = v. Give l(p).
4
Let a(r) = 7*r**3 + 2*r - 587 + 4*r**2 + 588 - 3*r**2. Determine a(-1).
-7
Let x(i) = 2*i - 4. Let m(b) = b - 1. Let p(l) = 2*m(l) - 2*x(l). Calculate p(6).
-6
Let w(z) be the first derivative of 5*z**4/4 - 2*z**3/3 + 4*z + 2. Let r(o) = 3*o**3 - o**2 + 3. Let d(m) = 8*r(m) - 5*w(m). Give d(3).
-5
Let n(h) be the third derivative of -h**9/60480 + h**8/10080 + h**7/1680 - h**6/720 - h**5/20 - h**2. Let i(q) be the third derivative of n(q). Calculate i(2).
5
Let a(d) = -d**2 - 6*d - 5. Let s = -14 - -21. Let k(z) = z**2 - 7*z - 4. Let c be k(s). Calculate a(c).
3
Let z(p) = -p**2 - 1 + 5 - 6 + p**3. Calculate z(3).
16
Let d(j) = 2 - j**2 - j**2 - 5*j + 4*j**2. Calculate d(3).
5
Let x(u) = 5*u**3 - 3*u**3 + 4*u - 2 - 3*u**3 + 3*u**2. What is x(4)?
-2
Let o = -27 - -31. Let p(z) = z - 4. Give p(o).
0
Let z(l) = l**3 + l**2 + l. Let v = 8 - 5. Suppose 0*s = -v*s. Give z(s).
0
Let o = 7 + -5. Let b(v) = -2*v**2 - v**o - 5 + 2*v**2 - 5*v. What is b(-4)?
-1
Let k(p) = -p - 2. Suppose -4*q + 27 = -3*a, 3*q - 2*a - 13 = 2*q. Give k(q).
-5
Let v(l) = 7*l + 1 - 8*l + 3*l. Determine v(1).
3
Suppose i = -d + 5, 12 = d - i + 3. Let b(m) = -2*m - 4. What is b(d)?
-18
Let b be (-2)/(-1) + 1 + (3 - 7). Let s(j) = -j**2 - 1. Calculate s(b).
-2
Let a(g) = -2*g + 5. Let q(o) be the third derivative of 0*o + 5/24*o**4 - 7/3*o**3 + 3*o**2 + 0. Let m(y) = 11*a(y) + 4*q(y). What is m(1)?
-3
Let g = 1 - 3. Let r(n) = n**2 - n - 2. Let q be r(g). Let t(s) = -s**2 + 3*s - 6. What is t(q)?
-10
Suppose 3*w - 2 - 31 = 0. Let h = 7 - w. Let r(g) = -g**3 - 4*g**2 + 4*g + 4. What is r(h)?
-12
Suppose s + 4*q + 15 = -0*q, s + q = -12. Let d(o) = o + 16. Calculate d(s).
5
Let i(x) = -6*x**3 + 2*x**3 + 11*x - 10*x + 1. What is i(-1)?
4
Let d(a) = 2*a**3 - 25*a**2 - 13*a + 17. Let i(n) = -n**3 + 12*n**2 + 6*n - 8. Let q(z) = 6*d(z) + 13*i(z). Determine q(6).
-2
Let c(o) = 4*o**3 + 2 - 4*o + 2 - 3*o**3 + 5*o**2. Let s be (26/(-2) - -1)*21/42. What is c(s)?
-8
Suppose 0 = 5*u - 0*u. Let m(d) = 0 - 1 + 7 - 4*d**3 + 5*d**3. Calculate m(u).
6
Let q be (-1 - -3) + 1 + -2. Let p(o) be the first derivative of 5/2*o**2 + o + 4. What is p(q)?
6
Let z(v) = v - 11. Suppose -5*x = 4 + 1. Let y = -19 + 13. Let a = x - y. Calculate z(a).
-6
Let h(c) = c + 6. Let l be h(0). Suppose -f - 2*f = -l. Let y(a) = 2 - 5*a**2 + 0*a**2 - a - a**3 + a**f. Determine y(-3).
-4
Suppose x - 5*y = -4*x - 15, 15 = -3*x - 3*y. Let p(o) = o**3 + 3*o**2 - 4*o + 1. Calculate p(x).
1
Let i(l) be the third derivative of l**5/60 - l**2. What is i(3)?
9
Let m be (-4)/(-6) - 70/15. Let w = -2 - m. Let p(y) = 0*y**2 + y - 2 + 6 - 4*y**2 + w*y - y**3. What is p(-4)?
-8
Suppose 5*f + 4 = 9. Let n(b) = -1 + 0 + 3*b**2 + 3*b**2. Let c(d) = 31*d**2 - 5. Let p(i) = 2*c(i) - 11*n(i). Determine p(f).
-3
Let n = 2 - 7. Let h(x) = x**3 + 6*x**2 + 4*x - 5. Calculate h(n).
0
Let x(n) be the first derivative of n**4/4 + n**3 - 7*n**2/2 + n + 2. Give x(-5).
-14
Let v(k) be the second derivative of k**5/20 + k**3/6 - 4*k**2 + 10*k. What is v(0)?
-8
Let z be 1 + -2*3/(-6). Let s(k) = 2*k. Determine s(z).
4
Let o(l) = l**3 + l + 3. Let i = 6 + -1. Suppose -2*v - 2*j + 10 = 0, -3*j + j = -i*v - 10. What is o(v)?
3
Let c(l) = 9*l**3 - l**2 - l. Suppose -15 = 3*u - 0*u, 3*u = -3*s - 12. Suppose -2 = 3*b + s. Give c(b).
-9
Let h(j) be the first derivative of j**4/4 + 7*j**3/3 + 3*j**2 + 12. Calculate h(-6).
0
Let v(k) = -k**3 + 14*k**2 - 23*k - 10. Let j be v(12). Let l(a) = -a**2 + a - 8. Let g(r) = -r**2 + r - 7. Let c(o) = 6*g(o) - 5*l(o). Calculate c(j).
-4
Let v(y) be the third derivative of y**6/120 + y**5/60 - y**4/12 - y**3/3 - 7*y**2. Give v(-2).
-2
Suppose 4*d = -5*g + 30, 3*d = -2*g + 34 - 15. Suppose 0 = l + 2 + d. Let v be (0/3 - l) + -2. Let o(x) = -x**3 + 4*x**2 + 3*x + 3. Give o(v).
-7
Let i(h) be the second derivative of -h**3 + h**2/2 - h. Let u(k) = -11*k + 1. Let z(n) = 5*i(n) - 3*u(n). Calculate z(-2).
-4
Let h(w) = -5*w + 2. Let f be 0 - 5/(15/(-9)). Determine h(f).
-13
Let n(g) = 2 - 3 - 3 + g. Let b be n(4). Let q(w) = -w**3 + 3*w**2 - 4 - 5*w**2 + w + b. What is q(-3)?
2
Let d(w) = -w**3 - 12*w**2 - 9*w + 16. Suppose -3*j - j - 44 = 0. Determine d(j).
-6
Let x = 1 - -3. Let c(b) = 4*b**3 + 5*b**2 - b + 1. Let k(g) = 3*g**3 + 5*g**2 - 2*g + 2. Let w(a) = x*c(a) - 5*k(a). Calculate w(4).
2
Let d(q) = 72*q**2 + 1 - 13*q - 59*q**2 - 6. Let u(h) be the third derivative of h**5/20 - h**4/8 - h**3/6 - 2*h**2. Let g(b) = -2*d(b) + 9*u(b). Give g(3).
7
Let f(y) = -y**3 + y - 8. Let u(n) = n + 4. Suppose 0*z + 16 = z - 4*i, -3*i - 12 = 2*z. Let h be u(z). Suppose h*a = -0*a. What is f(a)?
-8
Suppose 2*k + 2*r - 2 = 3*k, -4*k + 44 = 5*r. Let j(q) = -6*q + 4. Let v(c) = -5*c + 4. Let n(i) = k*j(i) - 7*v(i). Let z be 0*2*(-2)/(-8). Give n(z).
-4
Let f(u) = -8*u - 8*u + 26*u + 2 - 9*u. Determine f(-6).